{"id":6873,"date":"2019-09-30T14:20:33","date_gmt":"2019-09-30T14:20:33","guid":{"rendered":"https:\/\/abegoaria.pt\/produto\/granja-amareleja-premium\/"},"modified":"2019-11-08T16:47:28","modified_gmt":"2019-11-08T16:47:28","slug":"granja-amareleja-premium","status":"publish","type":"product","link":"https:\/\/abegoaria.pt\/en\/produto\/granja-amareleja-premium\/","title":{"rendered":"Granja Amareleja Premium"},"content":{"rendered":"<p>[vc_row][vc_column][vc_column_text]<img decoding=\"async\" class=\"svg alignnone wp-image-1678 size-full\" src=\"https:\/\/abegoaria.pt\/wp-content\/uploads\/2019\/08\/wines-glass.svg\" alt=\"\" width=\"24px\" height=\"24px\" \/><\/p>\n<h3>Caracter\u00edsticas do Vinho<\/h3>\n<table>\n<tbody>\n<tr>\n<td>Ano<\/td>\n<td>2015<\/td>\n<\/tr>\n<tr>\n<td>Estilo<\/td>\n<td>Vinho Tranquilo<\/td>\n<\/tr>\n<tr>\n<td>Regi\u00e3o<\/td>\n<td>Alentejo<\/td>\n<\/tr>\n<tr>\n<td>Categoria<\/td>\n<td>Doc Alentejo<\/td>\n<\/tr>\n<tr>\n<td>Castas<\/td>\n<td>Moreto, Trincadeira, Alfrocheiro e Alicante Bouschet<\/td>\n<\/tr>\n<tr>\n<td>Cor<\/td>\n<td>Viol\u00e1cea<\/td>\n<\/tr>\n<tr>\n<td>Engarrafamento<\/td>\n<td><\/td>\n<\/tr>\n<tr>\n<td>Longevidade<\/td>\n<td>8 anos<\/td>\n<\/tr>\n<tr>\n<td>\u00c1lcool (%VOL)<\/td>\n<td>14<\/td>\n<\/tr>\n<\/tbody>\n<\/table>\n<p>[\/vc_column_text][\/vc_column][\/vc_row][vc_row][vc_column][vc_column_text]<img loading=\"lazy\" decoding=\"async\" class=\"svg alignnone wp-image-1676 size-full\" src=\"https:\/\/abegoaria.pt\/wp-content\/uploads\/2019\/08\/keg.svg\" alt=\"\" width=\"24\" height=\"24\" \/><\/p>\n<h3>Vinifica\u00e7\u00e3o e Est\u00e1gio<\/h3>\n<p>Pisa mec\u00e2nica, fermenta\u00e7\u00e3o alco\u00f3lica em \u00e2nforas de 10 toneladas com controlo de temperatura e curtimenta completa.[\/vc_column_text][\/vc_column][\/vc_row][vc_row][vc_column][vc_column_text]<img decoding=\"async\" class=\"svg alignnone wp-image-1679 size-full\" src=\"https:\/\/abegoaria.pt\/wp-content\/uploads\/2019\/08\/book-i.svg\" alt=\"\" width=\"24px\" height=\"24px\" \/><\/p>\n<h3>Notas de Prova e Harmoniza\u00e7\u00e3o<\/h3>\n<p>Este vinho de cor viol\u00e1cea apresenta-se com aromas complexos, folha de tabaco e baunilha. Na boca \u00e9 um vinho complexo, com tra\u00e7os de frutos secos, compota, especiarias, e de final longo. Vinho com capacidade de guarda. Para beber entre 18\u00b0 a 20\u00b0C.[\/vc_column_text][\/vc_column][\/vc_row]<\/p>\n","protected":false},"excerpt":{"rendered":"<p>Este vinho \u00e9 feito com uvas das castas tradicionais da Margem Esquerda do Guadiana \u2013 Moreto, Trincadeira, Alfrocheiro e Alicante \u2013 provenientes de vinhas de sequeiro de pequenos viticultores. O ano de colheita foi bastante quente, mas as uvas estavam muito equilibradas e em \u00f3ptimas condi\u00e7\u00f5es sanit\u00e1rias, originando um vinho arom\u00e1tico, s\u00e1pido e com grande car\u00e1cter. Pode ser guardado na garrafeira durante v\u00e1rios anos.<\/p>\n","protected":false},"featured_media":6644,"comment_status":"closed","ping_status":"closed","template":"","meta":[],"class_list":["post-6873","product","type-product","status-publish","has-post-thumbnail","hentry","product_cat-adega-granja-amareleja-en","product_cat-alentejo-9","product_cat-marcas-en","product_cat-granja-amareleja-en","product_cat-tinto-en","product_tag-vinho-tinto-5","pa_ptcap-da-garrafa-750-ml-en","pa_ptcategoria-1-doc-alentejo-en","pa_ptcategoria-2-premium-3","pa_ptintensidade-encorpado-volumoso-e-temperamental-en","pa_pttipo-de-vinho-vinho-tinto-en"],"_links":{"self":[{"href":"https:\/\/abegoaria.pt\/en\/wp-json\/wp\/v2\/product\/6873","targetHints":{"allow":["GET"]}}],"collection":[{"href":"https:\/\/abegoaria.pt\/en\/wp-json\/wp\/v2\/product"}],"about":[{"href":"https:\/\/abegoaria.pt\/en\/wp-json\/wp\/v2\/types\/product"}],"replies":[{"embeddable":true,"href":"https:\/\/abegoaria.pt\/en\/wp-json\/wp\/v2\/comments?post=6873"}],"wp:featuredmedia":[{"embeddable":true,"href":"https:\/\/abegoaria.pt\/en\/wp-json\/wp\/v2\/media\/6644"}],"wp:attachment":[{"href":"https:\/\/abegoaria.pt\/en\/wp-json\/wp\/v2\/media?parent=6873"}],"curies":[{"name":"wp","href":"https:\/\/api.w.org\/{rel}","templated":true}]}}

<p>[vc_row][vc_column][vc_column_text]<img decoding="async" class="svg alignnone wp-image-1678 size-full" src="https://abegoaria.pt/wp-content/uploads/2019/08/wines-glass.svg" alt="" width="24px" height="24px" /></p>
<h3>Características do Vinho</h3>
<table>
<tbody>
<tr>
<td>Ano</td>
<td>2015</td>
</tr>
<tr>
<td>Estilo</td>
<td>Vinho Tranquilo</td>
</tr>
<tr>
<td>Região</td>
<td>Alentejo</td>
</tr>
<tr>
<td>Categoria</td>
<td>Doc Alentejo</td>
</tr>
<tr>
<td>Castas</td>
<td>Moreto, Trincadeira, Alfrocheiro e Alicante Bouschet</td>
</tr>
<tr>
<td>Cor</td>
<td>Violácea</td>
</tr>
<tr>
<td>Engarrafamento</td>
<td></td>
</tr>
<tr>
<td>Longevidade</td>
<td>8 anos</td>
</tr>
<tr>
<td>Álcool (%VOL)</td>
<td>14</td>
</tr>
</tbody>
</table>
<p>[/vc_column_text][/vc_column][/vc_row][vc_row][vc_column][vc_column_text]<img loading="lazy" decoding="async" class="svg alignnone wp-image-1676 size-full" src="https://abegoaria.pt/wp-content/uploads/2019/08/keg.svg" alt="" width="24" height="24" /></p>
<h3>Vinificação e Estágio</h3>
<p>Pisa mecânica, fermentação alcoólica em ânforas de 10 toneladas com controlo de temperatura e curtimenta completa.[/vc_column_text][/vc_column][/vc_row][vc_row][vc_column][vc_column_text]<img decoding="async" class="svg alignnone wp-image-1679 size-full" src="https://abegoaria.pt/wp-content/uploads/2019/08/book-i.svg" alt="" width="24px" height="24px" /></p>
<h3>Notas de Prova e Harmonização</h3>
<p>Este vinho de cor violácea apresenta-se com aromas complexos, folha de tabaco e baunilha. Na boca é um vinho complexo, com traços de frutos secos, compota, especiarias, e de final longo. Vinho com capacidade de guarda. Para beber entre 18° a 20°C.[/vc_column_text][/vc_column][/vc_row]</p>

<p>Este vinho é feito com uvas das castas tradicionais da Margem Esquerda do Guadiana – Moreto, Trincadeira, Alfrocheiro e Alicante – provenientes de vinhas de sequeiro de pequenos viticultores. O ano de colheita foi bastante quente, mas as uvas estavam muito equilibradas e em óptimas condições sanitárias, originando um vinho aromático, sápido e com grande carácter. Pode ser guardado na garrafeira durante vários anos.</p>
