{"id":8235,"date":"2019-09-23T09:20:03","date_gmt":"2019-09-23T09:20:03","guid":{"rendered":"https:\/\/abegoaria.pt\/produto\/piteira-reserva\/"},"modified":"2019-11-28T23:38:57","modified_gmt":"2019-11-28T23:38:57","slug":"piteira-reserva","status":"publish","type":"product","link":"https:\/\/abegoaria.pt\/en\/produto\/piteira-reserva\/","title":{"rendered":"Piteira Reserva"},"content":{"rendered":"<p>[vc_row][vc_column][vc_column_text]<img decoding=\"async\" class=\"svg alignnone wp-image-1678 size-full\" src=\"https:\/\/abegoaria.pt\/wp-content\/uploads\/2019\/08\/wines-glass.svg\" alt=\"\" width=\"24px\" height=\"24px\" \/><\/p>\n<h3>Caracter\u00edsticas do Vinho<\/h3>\n<table>\n<tbody>\n<tr>\n<td>Ano<\/td>\n<td>2016<\/td>\n<\/tr>\n<tr>\n<td>Estilo<\/td>\n<td>Vinho Tranquilo<\/td>\n<\/tr>\n<tr>\n<td>Regi\u00e3o<\/td>\n<td>Alentejo<\/td>\n<\/tr>\n<tr>\n<td>Categoria<\/td>\n<td>DOC Alentejo<\/td>\n<\/tr>\n<tr>\n<td>Castas<\/td>\n<td>Aragonez, Moreto, Trincadeira, Alfrocheiro, Alicante Bouschet<\/td>\n<\/tr>\n<tr>\n<td>Cor<\/td>\n<td>Grenada<\/td>\n<\/tr>\n<tr>\n<td>Engarrafamento<\/td>\n<td><\/td>\n<\/tr>\n<tr>\n<td>Longevidade<\/td>\n<td>8 anos<\/td>\n<\/tr>\n<tr>\n<td>\u00c1lcool (%VOL)<\/td>\n<td>14<\/td>\n<\/tr>\n<\/tbody>\n<\/table>\n<p>[\/vc_column_text][\/vc_column][\/vc_row][vc_row][vc_column][vc_column_text]<img loading=\"lazy\" decoding=\"async\" class=\"svg alignnone wp-image-1676 size-full\" src=\"https:\/\/abegoaria.pt\/wp-content\/uploads\/2019\/08\/keg.svg\" alt=\"\" width=\"24\" height=\"24\" \/><\/p>\n<h3>Vinifica\u00e7\u00e3o e Est\u00e1gio<\/h3>\n<p>Pisa mec\u00e2nica, fermenta\u00e7\u00e3o em cubas de 8 toneladas com curtimenta completa. Est\u00e1gio em carvalho franc\u00eas de 6 meses.[\/vc_column_text][\/vc_column][\/vc_row][vc_row][vc_column][vc_column_text]<img decoding=\"async\" class=\"svg alignnone wp-image-1679 size-full\" src=\"https:\/\/abegoaria.pt\/wp-content\/uploads\/2019\/08\/book-i.svg\" alt=\"\" width=\"24px\" height=\"24px\" \/><\/p>\n<h3>Notas de Prova e Harmoniza\u00e7\u00e3o<\/h3>\n<p>Este vinho apresenta-se de aroma a frutos vermelhos, cacau e caf\u00e9 e notas de baunilha. Na boca revela boa acidez, taninos proeminentes e final longo.[\/vc_column_text][\/vc_column][\/vc_row]<\/p>\n","protected":false},"excerpt":{"rendered":"<p>Este vinho \u00e9 produzido com as melhores uvas de Trincadeira, Aragonez, Alicante Bouschet, Moreto e Alfrocheiro de cada colheita, produzidas em vinhas modernas da Margem Esquerda do Guadiana. Estagiou em madeira de carvalho franc\u00eas, durante seis meses, de forma a ganhar algum refinamento arom\u00e1tico mas sem comprometer o car\u00e1cter que as castas e a regi\u00e3o imprimem.<\/p>\n","protected":false},"featured_media":6650,"comment_status":"closed","ping_status":"closed","template":"","meta":[],"class_list":["post-8235","product","type-product","status-publish","has-post-thumbnail","hentry","product_cat-alentejo-9","product_cat-amareleza-en","product_cat-piteira-en","product_cat-tinto-en","product_tag-vinho-tinto-5","pa_ano-2016-en","pa_ptcap-da-garrafa-750-ml-en","pa_ptcategoria-1-doc-alentejo-en","pa_ptcategoria-2-reserva-en","pa_ptintensidade-encorpado-volumoso-e-temperamental-en","pa_pttipo-de-vinho-vinho-tinto-en"],"_links":{"self":[{"href":"https:\/\/abegoaria.pt\/en\/wp-json\/wp\/v2\/product\/8235","targetHints":{"allow":["GET"]}}],"collection":[{"href":"https:\/\/abegoaria.pt\/en\/wp-json\/wp\/v2\/product"}],"about":[{"href":"https:\/\/abegoaria.pt\/en\/wp-json\/wp\/v2\/types\/product"}],"replies":[{"embeddable":true,"href":"https:\/\/abegoaria.pt\/en\/wp-json\/wp\/v2\/comments?post=8235"}],"wp:featuredmedia":[{"embeddable":true,"href":"https:\/\/abegoaria.pt\/en\/wp-json\/wp\/v2\/media\/6650"}],"wp:attachment":[{"href":"https:\/\/abegoaria.pt\/en\/wp-json\/wp\/v2\/media?parent=8235"}],"curies":[{"name":"wp","href":"https:\/\/api.w.org\/{rel}","templated":true}]}}

<p>[vc_row][vc_column][vc_column_text]<img decoding="async" class="svg alignnone wp-image-1678 size-full" src="https://abegoaria.pt/wp-content/uploads/2019/08/wines-glass.svg" alt="" width="24px" height="24px" /></p>
<h3>Características do Vinho</h3>
<table>
<tbody>
<tr>
<td>Ano</td>
<td>2016</td>
</tr>
<tr>
<td>Estilo</td>
<td>Vinho Tranquilo</td>
</tr>
<tr>
<td>Região</td>
<td>Alentejo</td>
</tr>
<tr>
<td>Categoria</td>
<td>DOC Alentejo</td>
</tr>
<tr>
<td>Castas</td>
<td>Aragonez, Moreto, Trincadeira, Alfrocheiro, Alicante Bouschet</td>
</tr>
<tr>
<td>Cor</td>
<td>Grenada</td>
</tr>
<tr>
<td>Engarrafamento</td>
<td></td>
</tr>
<tr>
<td>Longevidade</td>
<td>8 anos</td>
</tr>
<tr>
<td>Álcool (%VOL)</td>
<td>14</td>
</tr>
</tbody>
</table>
<p>[/vc_column_text][/vc_column][/vc_row][vc_row][vc_column][vc_column_text]<img loading="lazy" decoding="async" class="svg alignnone wp-image-1676 size-full" src="https://abegoaria.pt/wp-content/uploads/2019/08/keg.svg" alt="" width="24" height="24" /></p>
<h3>Vinificação e Estágio</h3>
<p>Pisa mecânica, fermentação em cubas de 8 toneladas com curtimenta completa. Estágio em carvalho francês de 6 meses.[/vc_column_text][/vc_column][/vc_row][vc_row][vc_column][vc_column_text]<img decoding="async" class="svg alignnone wp-image-1679 size-full" src="https://abegoaria.pt/wp-content/uploads/2019/08/book-i.svg" alt="" width="24px" height="24px" /></p>
<h3>Notas de Prova e Harmonização</h3>
<p>Este vinho apresenta-se de aroma a frutos vermelhos, cacau e café e notas de baunilha. Na boca revela boa acidez, taninos proeminentes e final longo.[/vc_column_text][/vc_column][/vc_row]</p>

<p>Este vinho é produzido com as melhores uvas de Trincadeira, Aragonez, Alicante Bouschet, Moreto e Alfrocheiro de cada colheita, produzidas em vinhas modernas da Margem Esquerda do Guadiana. Estagiou em madeira de carvalho francês, durante seis meses, de forma a ganhar algum refinamento aromático mas sem comprometer o carácter que as castas e a região imprimem.</p>
