{"id":8260,"date":"2019-09-23T10:34:45","date_gmt":"2019-09-23T10:34:45","guid":{"rendered":"https:\/\/abegoaria.pt\/produto\/quinta-vale-de-fornos-syrah\/"},"modified":"2019-11-28T23:50:02","modified_gmt":"2019-11-28T23:50:02","slug":"quinta-vale-de-fornos-syrah","status":"publish","type":"product","link":"https:\/\/abegoaria.pt\/en\/produto\/quinta-vale-de-fornos-syrah\/","title":{"rendered":"Quinta Vale de Fornos Syrah"},"content":{"rendered":"<p>[vc_row][vc_column][vc_column_text]<img decoding=\"async\" class=\"svg alignnone wp-image-1678 size-full\" src=\"https:\/\/abegoaria.pt\/wp-content\/uploads\/2019\/08\/wines-glass.svg\" alt=\"\" width=\"24px\" height=\"24px\" \/><\/p>\n<h3>Caracter\u00edsticas do Vinho<\/h3>\n<table>\n<tbody>\n<tr>\n<td>Ano<\/td>\n<td>2015<\/td>\n<\/tr>\n<tr>\n<td>Estilo<\/td>\n<td>Vinho Tranquilo<\/td>\n<\/tr>\n<tr>\n<td>Regi\u00e3o<\/td>\n<td>Tejo<\/td>\n<\/tr>\n<tr>\n<td>Categoria<\/td>\n<td>DOC Tejo<\/td>\n<\/tr>\n<tr>\n<td>Castas<\/td>\n<td>Syrah<\/td>\n<\/tr>\n<tr>\n<td>Cor<\/td>\n<td>Granada<\/td>\n<\/tr>\n<tr>\n<td>Engarrafamento<\/td>\n<td><\/td>\n<\/tr>\n<tr>\n<td>Longevidade<\/td>\n<td><\/td>\n<\/tr>\n<tr>\n<td>\u00c1lcool (%VOL)<\/td>\n<td>15<\/td>\n<\/tr>\n<\/tbody>\n<\/table>\n<p>[\/vc_column_text][\/vc_column][\/vc_row][vc_row][vc_column][vc_column_text]<img loading=\"lazy\" decoding=\"async\" class=\"svg alignnone wp-image-1676 size-full\" src=\"https:\/\/abegoaria.pt\/wp-content\/uploads\/2019\/08\/keg.svg\" alt=\"\" width=\"24\" height=\"24\" \/><\/p>\n<h3>Vinifica\u00e7\u00e3o e Est\u00e1gio<\/h3>\n<p>A vindima \u00e9 manual para cestos de 20Kg e com selec\u00e7\u00e3o cuidada dos cachos. O vinho foi fermentado em lagares tradicionais de granito. Ap\u00f3s fermenta\u00e7\u00e3o em lagar o vinho \u00e9 estagiado em barricas de carvalho franc\u00eas durante 14 meses.[\/vc_column_text][\/vc_column][\/vc_row][vc_row][vc_column][vc_column_text]<img decoding=\"async\" class=\"svg alignnone wp-image-1679 size-full\" src=\"https:\/\/abegoaria.pt\/wp-content\/uploads\/2019\/08\/book-i.svg\" alt=\"\" width=\"24px\" height=\"24px\" \/><\/p>\n<h3>Notas de Prova e Harmoniza\u00e7\u00e3o<\/h3>\n<p>De cor Granada intenso com laivos violetas, apresenta um aroma fresco e floral com notas de especiaria fina. Em boca sente-se sabores de fruto negro com cremosidade e um final estruturado. Sirva a 16oC para consumir a 18oC.[\/vc_column_text][\/vc_column][\/vc_row]<\/p>\n","protected":false},"excerpt":{"rendered":"<p>Uma das Quintas mais antigas e marcantes da Regi\u00e3o Vitivin\u00edcola do Tejo. Esta propriedade foi originalmente oferecida por D. Ant\u00f3nia Ferreira (Ferreirinha) como dote de casamento de sua filha com o 3\u00ba Conde de Azambuja. Situada numa zona de conflu\u00eancia entre as regi\u00f5es de vinho de Lisboa e Tejo, disp\u00f5e de um terroir magn\u00edfico para a cria\u00e7\u00e3o de vinhos de superior qualidade. Este vinho \u00e9 um monocasta da casta francesa Syrah.<\/p>\n","protected":false},"featured_media":6612,"comment_status":"closed","ping_status":"closed","template":"","meta":[],"class_list":["post-8260","product","type-product","status-publish","has-post-thumbnail","hentry","product_cat-quinta-vale-de-fornos-en","product_cat-tinto-en","product_cat-tejo-3","product_cat-vale-de-fornos-en-2","product_tag-vinho-tinto-5","pa_ano-2015-en","pa_ptcap-da-garrafa-750-ml-en","pa_ptcategoria-1-doc-do-tejo","pa_ptcategoria-2-reserva-syrah-en","pa_ptintensidade-encorpado-e-volumoso","pa_pttipo-de-vinho-vinho-tinto-en"],"_links":{"self":[{"href":"https:\/\/abegoaria.pt\/en\/wp-json\/wp\/v2\/product\/8260","targetHints":{"allow":["GET"]}}],"collection":[{"href":"https:\/\/abegoaria.pt\/en\/wp-json\/wp\/v2\/product"}],"about":[{"href":"https:\/\/abegoaria.pt\/en\/wp-json\/wp\/v2\/types\/product"}],"replies":[{"embeddable":true,"href":"https:\/\/abegoaria.pt\/en\/wp-json\/wp\/v2\/comments?post=8260"}],"wp:featuredmedia":[{"embeddable":true,"href":"https:\/\/abegoaria.pt\/en\/wp-json\/wp\/v2\/media\/6612"}],"wp:attachment":[{"href":"https:\/\/abegoaria.pt\/en\/wp-json\/wp\/v2\/media?parent=8260"}],"curies":[{"name":"wp","href":"https:\/\/api.w.org\/{rel}","templated":true}]}}

<p>[vc_row][vc_column][vc_column_text]<img decoding="async" class="svg alignnone wp-image-1678 size-full" src="https://abegoaria.pt/wp-content/uploads/2019/08/wines-glass.svg" alt="" width="24px" height="24px" /></p>
<h3>Características do Vinho</h3>
<table>
<tbody>
<tr>
<td>Ano</td>
<td>2015</td>
</tr>
<tr>
<td>Estilo</td>
<td>Vinho Tranquilo</td>
</tr>
<tr>
<td>Região</td>
<td>Tejo</td>
</tr>
<tr>
<td>Categoria</td>
<td>DOC Tejo</td>
</tr>
<tr>
<td>Castas</td>
<td>Syrah</td>
</tr>
<tr>
<td>Cor</td>
<td>Granada</td>
</tr>
<tr>
<td>Engarrafamento</td>
<td></td>
</tr>
<tr>
<td>Longevidade</td>
<td></td>
</tr>
<tr>
<td>Álcool (%VOL)</td>
<td>15</td>
</tr>
</tbody>
</table>
<p>[/vc_column_text][/vc_column][/vc_row][vc_row][vc_column][vc_column_text]<img loading="lazy" decoding="async" class="svg alignnone wp-image-1676 size-full" src="https://abegoaria.pt/wp-content/uploads/2019/08/keg.svg" alt="" width="24" height="24" /></p>
<h3>Vinificação e Estágio</h3>
<p>A vindima é manual para cestos de 20Kg e com selecção cuidada dos cachos. O vinho foi fermentado em lagares tradicionais de granito. Após fermentação em lagar o vinho é estagiado em barricas de carvalho francês durante 14 meses.[/vc_column_text][/vc_column][/vc_row][vc_row][vc_column][vc_column_text]<img decoding="async" class="svg alignnone wp-image-1679 size-full" src="https://abegoaria.pt/wp-content/uploads/2019/08/book-i.svg" alt="" width="24px" height="24px" /></p>
<h3>Notas de Prova e Harmonização</h3>
<p>De cor Granada intenso com laivos violetas, apresenta um aroma fresco e floral com notas de especiaria fina. Em boca sente-se sabores de fruto negro com cremosidade e um final estruturado. Sirva a 16oC para consumir a 18oC.[/vc_column_text][/vc_column][/vc_row]</p>

<p>Uma das Quintas mais antigas e marcantes da Região Vitivinícola do Tejo. Esta propriedade foi originalmente oferecida por D. Antónia Ferreira (Ferreirinha) como dote de casamento de sua filha com o 3º Conde de Azambuja. Situada numa zona de confluência entre as regiões de vinho de Lisboa e Tejo, dispõe de um terroir magnífico para a criação de vinhos de superior qualidade. Este vinho é um monocasta da casta francesa Syrah.</p>
