{"id":8300,"date":"2019-08-28T11:23:50","date_gmt":"2019-08-28T11:23:50","guid":{"rendered":"https:\/\/abegoaria.pt\/produto\/chourico-de-barrancos-fino\/"},"modified":"2019-11-29T00:25:00","modified_gmt":"2019-11-29T00:25:00","slug":"chourico-de-barrancos-fino","status":"publish","type":"product","link":"https:\/\/abegoaria.pt\/en\/produto\/chourico-de-barrancos-fino\/","title":{"rendered":"Chouri\u00e7o de Barrancos Fino"},"content":{"rendered":"<p>[vc_row][vc_column][vc_column_text]<a href=\"https:\/\/abegoaria.pt\/wp-content\/uploads\/2019\/08\/icons-c.svg\"><img decoding=\"async\" class=\"svg alignnone wp-image-2035 size-full\" src=\"https:\/\/abegoaria.pt\/wp-content\/uploads\/2019\/08\/icons-c.svg\" alt=\"\" width=\"48px\" height=\"48px\" \/><\/a><\/p>\n<h3>Caracter\u00edsticas do Enchido<\/h3>\n<table>\n<tbody>\n<tr>\n<td>Energia (Kcal\/100g)<\/td>\n<td>427<\/td>\n<\/tr>\n<tr>\n<td>Prote\u00edna (Kcal\/100g)<\/td>\n<td>21,9<\/td>\n<\/tr>\n<tr>\n<td>Hidratos (Kcal\/100g)<\/td>\n<td>2,5<\/td>\n<\/tr>\n<tr>\n<td>Gordura (g\/100g)<\/td>\n<td>36,6<\/td>\n<\/tr>\n<tr>\n<td>Sal (g\/100g)<\/td>\n<td>4,03<\/td>\n<\/tr>\n<tr>\n<td>Cura<\/td>\n<td>20 a 30 dias<\/td>\n<\/tr>\n<tr>\n<td>Validade<\/td>\n<td>120 dias<\/td>\n<\/tr>\n<tr>\n<td>Conserva\u00e7\u00e3o<\/td>\n<td>Conservar em ambiente fresco e seco<\/td>\n<\/tr>\n<tr>\n<td><\/td>\n<td><\/td>\n<\/tr>\n<\/tbody>\n<\/table>\n<p>Pode conter Lactose e Sulfitos[\/vc_column_text][\/vc_column][\/vc_row][vc_row][vc_column][vc_column_text]<a href=\"https:\/\/abegoaria.pt\/wp-content\/uploads\/2019\/08\/icons-c-1.svg\"><img decoding=\"async\" class=\"svg alignnone wp-image-2036 size-full\" src=\"https:\/\/abegoaria.pt\/wp-content\/uploads\/2019\/08\/icons-c-1.svg\" alt=\"\" width=\"48px\" height=\"48px\" \/><\/a><\/p>\n<h3>Produ\u00e7\u00e3o<\/h3>\n<p>Produzido a partir da nobre carne de porco preto, ao qual se adicionou massa de piment\u00e3o, massa de alho e temperos v\u00e1rios, seguindo as receitas dos nossos antepassados. Contou com uma matura\u00e7\u00e3o de 24 horas em c\u00e2mara de frio, ap\u00f3s o que se procedeu ao enchimento em tripa natural, seguida de 20 a 30 dias de cura controlada. Apresenta-se no formato de ferradura e cilindrico fino.[\/vc_column_text][\/vc_column][\/vc_row][vc_row][vc_column][vc_column_text]<a href=\"https:\/\/abegoaria.pt\/wp-content\/uploads\/2019\/08\/3769fds81572.png\"><img loading=\"lazy\" decoding=\"async\" class=\"svg alignnone wp-image-2039 size-full\" src=\"https:\/\/abegoaria.pt\/wp-content\/uploads\/2019\/08\/3769fds81572.png\" alt=\"\" width=\"48\" height=\"46\" \/><\/a><\/p>\n<h3>Notas de Prova e Harmoniza\u00e7\u00e3o<\/h3>\n<p>Caraterizado pelo seu forte aroma a piment\u00e3o e pelo seu sabor \u00fanico, o Chouri\u00e7o de Barrancos \u00e9 o produto ideal para os paladares mais requintados. O aroma \u00e9 ativo e persistente, numa textura s\u00f3lida mas tenra, de aspeto marmoreado que vai do branco ao vermelho escuro da carne, passando pelo alaranjado. O produto est\u00e1 pronto a consumir, com ou sem processamento t\u00e9rmico. \u00c9 ideal como aperitivo ou snack, podendo ser consumido sozinho ou acompanhado com p\u00e3o, outras charcutarias, queijos e azeitonas. Pode ainda ser usado como ingrediente importante em m\u00faltiplos pratos da dieta mediterr\u00e2nica.[\/vc_column_text][\/vc_column][\/vc_row]<\/p>\n","protected":false},"excerpt":{"rendered":"<p>Recuper\u00e1mos as receitas dos nossos antepassados e a excelente qualidade da carne de porco preto, criado em montado, para desenvolver, atrav\u00e9s de processos de cura natural, um produto de superior qualidade. Produzido artesanalmente, pelas s\u00e1bias m\u00e3os das gentes de Barrancos, numa das terras mais interiores de Portugal, com um microclima \u00fanico, e h\u00e1 muito reconhecida pela extrema qualidade dos seus enchidos e presuntos.<\/p>\n","protected":false},"featured_media":6438,"comment_status":"open","ping_status":"closed","template":"","meta":[],"class_list":["post-8300","product","type-product","status-publish","has-post-thumbnail","hentry","product_cat-alentejo-7","product_cat-chourico-en","product_tag-chourico-regional-alentejano-en","pa_ptcarne-porco-preto-en","pa_ptcura-20-a-30-dias-en","pa_ptformato-cilindrico-fino-en","pa_ptgama-porco-preto-en-2","pa_ptpvp-rec-589e-en","pa_pttipo-de-enchido-chourico-en-2"],"_links":{"self":[{"href":"https:\/\/abegoaria.pt\/en\/wp-json\/wp\/v2\/product\/8300","targetHints":{"allow":["GET"]}}],"collection":[{"href":"https:\/\/abegoaria.pt\/en\/wp-json\/wp\/v2\/product"}],"about":[{"href":"https:\/\/abegoaria.pt\/en\/wp-json\/wp\/v2\/types\/product"}],"replies":[{"embeddable":true,"href":"https:\/\/abegoaria.pt\/en\/wp-json\/wp\/v2\/comments?post=8300"}],"wp:featuredmedia":[{"embeddable":true,"href":"https:\/\/abegoaria.pt\/en\/wp-json\/wp\/v2\/media\/6438"}],"wp:attachment":[{"href":"https:\/\/abegoaria.pt\/en\/wp-json\/wp\/v2\/media?parent=8300"}],"curies":[{"name":"wp","href":"https:\/\/api.w.org\/{rel}","templated":true}]}}

Chouriço de Barrancos Fino

<p>[vc_row][vc_column][vc_column_text]<a href="https://abegoaria.pt/wp-content/uploads/2019/08/icons-c.svg"><img decoding="async" class="svg alignnone wp-image-2035 size-full" src="https://abegoaria.pt/wp-content/uploads/2019/08/icons-c.svg" alt="" width="48px" height="48px" /></a></p>
<h3>Características do Enchido</h3>
<table>
<tbody>
<tr>
<td>Energia (Kcal/100g)</td>
<td>427</td>
</tr>
<tr>
<td>Proteína (Kcal/100g)</td>
<td>21,9</td>
</tr>
<tr>
<td>Hidratos (Kcal/100g)</td>
<td>2,5</td>
</tr>
<tr>
<td>Gordura (g/100g)</td>
<td>36,6</td>
</tr>
<tr>
<td>Sal (g/100g)</td>
<td>4,03</td>
</tr>
<tr>
<td>Cura</td>
<td>20 a 30 dias</td>
</tr>
<tr>
<td>Validade</td>
<td>120 dias</td>
</tr>
<tr>
<td>Conservação</td>
<td>Conservar em ambiente fresco e seco</td>
</tr>
<tr>
<td></td>
<td></td>
</tr>
</tbody>
</table>
<p>Pode conter Lactose e Sulfitos[/vc_column_text][/vc_column][/vc_row][vc_row][vc_column][vc_column_text]<a href="https://abegoaria.pt/wp-content/uploads/2019/08/icons-c-1.svg"><img decoding="async" class="svg alignnone wp-image-2036 size-full" src="https://abegoaria.pt/wp-content/uploads/2019/08/icons-c-1.svg" alt="" width="48px" height="48px" /></a></p>
<h3>Produção</h3>
<p>Produzido a partir da nobre carne de porco preto, ao qual se adicionou massa de pimentão, massa de alho e temperos vários, seguindo as receitas dos nossos antepassados. Contou com uma maturação de 24 horas em câmara de frio, após o que se procedeu ao enchimento em tripa natural, seguida de 20 a 30 dias de cura controlada. Apresenta-se no formato de ferradura e cilindrico fino.[/vc_column_text][/vc_column][/vc_row][vc_row][vc_column][vc_column_text]<a href="https://abegoaria.pt/wp-content/uploads/2019/08/3769fds81572.png"><img loading="lazy" decoding="async" class="svg alignnone wp-image-2039 size-full" src="https://abegoaria.pt/wp-content/uploads/2019/08/3769fds81572.png" alt="" width="48" height="46" /></a></p>
<h3>Notas de Prova e Harmonização</h3>
<p>Caraterizado pelo seu forte aroma a pimentão e pelo seu sabor único, o Chouriço de Barrancos é o produto ideal para os paladares mais requintados. O aroma é ativo e persistente, numa textura sólida mas tenra, de aspeto marmoreado que vai do branco ao vermelho escuro da carne, passando pelo alaranjado. O produto está pronto a consumir, com ou sem processamento térmico. É ideal como aperitivo ou snack, podendo ser consumido sozinho ou acompanhado com pão, outras charcutarias, queijos e azeitonas. Pode ainda ser usado como ingrediente importante em múltiplos pratos da dieta mediterrânica.[/vc_column_text][/vc_column][/vc_row]</p>

<p>Recuperámos as receitas dos nossos antepassados e a excelente qualidade da carne de porco preto, criado em montado, para desenvolver, através de processos de cura natural, um produto de superior qualidade. Produzido artesanalmente, pelas sábias mãos das gentes de Barrancos, numa das terras mais interiores de Portugal, com um microclima único, e há muito reconhecida pela extrema qualidade dos seus enchidos e presuntos.</p>
